{"id":1811,"date":"2021-06-22T11:48:10","date_gmt":"2021-06-22T09:48:10","guid":{"rendered":"http:\/\/lepetitjournaldemapharmacie.fr\/?page_id=1811"},"modified":"2023-04-03T17:45:27","modified_gmt":"2023-04-03T15:45:27","slug":"politique-de-confidentialite","status":"publish","type":"page","link":"https:\/\/lepetitjournaldemapharmacie.fr\/index.php\/politique-de-confidentialite\/","title":{"rendered":"Politique de confidentialit\u00e9"},"content":{"rendered":"\n<h2 class=\"wp-block-heading\"><strong>Protection des donn\u00e9es \u00e0 caract\u00e8re personnel et cookies<\/strong><\/h2>\n\n\n\n<p>Lors de votre navigation sur notre site internet, vous \u00eates amen\u00e9s \u00e0 nous\ncommuniquer des donn\u00e9es personnelles. OffiSant\u00e9 vous remercie de votre\nconfiance et tient \u00e0 vous informer sur l\u2019utilisation qui sera faite de vos\ndonn\u00e9es ainsi que sur vos droits.<\/p>\n\n\n\n<p>Le Responsable de traitement des donn\u00e9es \u00e0 caract\u00e8re personnel est la\nsoci\u00e9t\u00e9 OffiSant\u00e9, S.A.S. au capital de 245 400 euros, immatricul\u00e9e au Registre\ndu Commerce et des Soci\u00e9t\u00e9s de Paris sous le num\u00e9ro 537 770 273, dont le si\u00e8ge\nsocial est situ\u00e9 83 rue de Rennes, 75006, Paris, France.<\/p>\n\n\n\n<h3 class=\"wp-block-heading\"><strong>1. Finalit\u00e9<\/strong><\/h3>\n\n\n\n<p>Les donn\u00e9es \u00e0 caract\u00e8re personnel collect\u00e9es sur ce site sont trait\u00e9es apr\u00e8s information de la personne concern\u00e9e. Ces donn\u00e9es sont utilis\u00e9es pour vous tenir inform\u00e9 des produits et services OffiSant\u00e9 et pour suivre l&rsquo;usage de nos services. <\/p>\n\n\n\n<h3 class=\"wp-block-heading\"><strong>2. Collecte des donn\u00e9es<\/strong><\/h3>\n\n\n\n<p>Les donn\u00e9es collect\u00e9es sont celles que vous nous fournissez directement sur notre site dans une rubrique de type \u00ab&nbsp;Contact&nbsp;\u00bb ou \u00ab&nbsp;Bo\u00eete \u00e0 suggestions \u00bb , ou vous inscrivant \u00e0 une de nos newsletters.<\/p>\n\n\n\n<p>OffiSant\u00e9 peut recueillir vos donn\u00e9es indirectement lorsque vous suivez nos\npages sur les r\u00e9seaux sociaux sur lesquelles vous avez communiqu\u00e9s des\ninformations publiques. <\/p>\n\n\n\n<p>Les donn\u00e9es personnelles recueillies sont trait\u00e9es dans\nnotre syst\u00e8me d\u2019information prot\u00e9g\u00e9 selon des&nbsp;protocoles s\u00e9curis\u00e9s.<\/p>\n\n\n\n<h3 class=\"wp-block-heading\"><strong>3. Cat\u00e9gories de donn\u00e9es<\/strong><\/h3>\n\n\n\n<p>Les cat\u00e9gories de donn\u00e9es personnelles susceptibles d\u2019\u00eatre recueillies sont&nbsp;: des donn\u00e9es de contact (email, t\u00e9l\u00e9phone), des donn\u00e9es de connexion sur nos sites, newsletters et autres applications en ligne (adresse IP, logs de connexion). <\/p>\n\n\n\n<h3 class=\"wp-block-heading\"><strong>4. Destinataires des donn\u00e9es <\/strong><\/h3>\n\n\n\n<p>Les donn\u00e9es personnelles collect\u00e9es sont utilis\u00e9es par le service Clients d\u2019OffiSant\u00e9\n&nbsp;pour vous apporter les r\u00e9ponses que vous\ndemandez et les informations que vous souhaitez.<\/p>\n\n\n\n<h3 class=\"wp-block-heading\"><strong>5. Dur\u00e9e de conservation<\/strong><\/h3>\n\n\n\n<p>Les donn\u00e9es sont conserv\u00e9es 5 ans.<\/p>\n\n\n\n<h3 class=\"wp-block-heading\"><strong>6. Vos droits<\/strong><\/h3>\n\n\n\n<p>Conform\u00e9ment \u00e0 la loi \u00ab informatique et libert\u00e9s \u00bb et au R\u00e8glement 2016\/679\ndu 27 avril 2016 relatif au traitement des donn\u00e9es \u00e0 caract\u00e8re personnel, vous\ndisposez d\u2019un droit d\u2019acc\u00e8s, de rectification, d\u2019effacement, de limitation du\ntraitement des donn\u00e9es personnelles vous concernant. Vous pouvez \u00e9galement en\ndemander la portabilit\u00e9.<\/p>\n\n\n\n<p>Vous pouvez exercer vos droits en nous adressant un courrier \u00e9lectronique \u00e0 &nbsp;<a href=\"mailto:contact@offisante.fr\">contact@offisante.fr<\/a>&nbsp; ou un courrier papier \u00e0 &nbsp;OffiSant\u00e9, 83 rue de Rennes, 75006, Paris.<\/p>\n\n\n\n<p>Vous avez la possibilit\u00e9 d\u2019introduire une r\u00e9clamation\naupr\u00e8s de la CNIL si vous estimez que ce traitement de donn\u00e9es \u00e0 caract\u00e8re\npersonnel ne r\u00e9pond pas aux exigences l\u00e9gales en vigueur.<\/p>\n\n\n\n<h3 class=\"wp-block-heading\"><strong>7. Transfert hors UE<\/strong><\/h3>\n\n\n\n<p>Nous ne transf\u00e9rons pas de donn\u00e9es \u00e0 caract\u00e8re personnel en dehors du\nterritoire de l\u2019espace \u00e9conomique europ\u00e9en (EEE). Toutefois, nous pouvons\nautoriser un tel transfert sous r\u00e9serve du respect des dispositions\nl\u00e9gislatives nationales et europ\u00e9ennes en vigueur, via la signature de Clauses\nContractuelles Types. Une copie de ces documents pourra vous \u00eatre adress\u00e9e\nsur demande.<\/p>\n\n\n\n<h3 class=\"wp-block-heading\"><strong>Les Cookies<\/strong><\/h3>\n\n\n\n<p>Cette rubrique vous permet de conna\u00eetre et comprendre l\u2019origine et l\u2019usage\ndes informations de navigation trait\u00e9es \u00e0 l\u2019occasion de votre consultation de\nnotre site et sur vos droits. En effet, lors de la consultation de notre site,\ndes informations relatives \u00e0 la navigation de votre terminal sur notre site,\nsont susceptibles d\u2019\u00eatre enregistr\u00e9es dans des fichiers \u00ab&nbsp;Cookies&nbsp;\u00bb\ninstall\u00e9s sur votre terminal sous r\u00e9serve de vos choix. Ces cookies nous\npermettront de reconna\u00eetre le navigateur de votre terminal pendant la dur\u00e9e de\nvalidit\u00e9 du cookie concern\u00e9. Quel que soit le type de cookie \u00e9mis, celui-ci\nn\u2019est lisible que par son \u00e9metteur.<\/p>\n\n\n\n<h4 class=\"wp-block-heading\"><strong>1. Pourquoi des cookies ?<\/strong><\/h4>\n\n\n\n<p>Les cookies d\u00e9pos\u00e9s sur votre navigateur permettent de :<\/p>\n\n\n\n<ul><li>Adapter la pr\u00e9sentation de notre site aux pr\u00e9f\u00e9rences d\u2019affichage de votre terminal (langue utilis\u00e9e, r\u00e9solution d\u2019affichage, syst\u00e8me d\u2019exploitation utilis\u00e9\u2026) lors de vos visites successives sur notre site ;<\/li><li>M\u00e9moriser des informations relatives \u00e0 un formulaire que vous avez rempli sur notre site (acc\u00e8s \u00e0 votre compte par exemple) ;<\/li><\/ul>\n\n\n\n<h4 class=\"wp-block-heading\"><strong>2. G\u00e9rer vos cookies <\/strong><\/h4>\n\n\n\n<p>Le param\u00e9trage des cookies peut s\u2019op\u00e9rer directement par vous sur votre\nnavigateur. Ce param\u00e9trage est susceptible de modifier votre navigation sur\nInternet et vos conditions d\u2019acc\u00e8s \u00e0 certains services n\u00e9cessitant\nl\u2019utilisation de Cookies. Ces choix sont constamment modifiables par vous.\nAinsi, vous pouvez configurer votre navigateur pour accepter ou rejeter les\ncookies. Vous pouvez \u00e9galement \u00e0 tout moment effacer les cookies d\u00e9pos\u00e9s. Nous\nattirons votre attention sur le fait que certaines fonctionnalit\u00e9s pourraient\n\u00eatre d\u00e9grad\u00e9es ou inaccessibles si vous effacez ou refusez les cookies sur\nvotre terminal.<\/p>\n\n\n\n<h4 class=\"wp-block-heading\"><strong>3. Comment param\u00e9trer votre navigateur ?<\/strong><\/h4>\n\n\n\n<p>Chaque navigateur dispose d\u2019une configuration propre. Dans tous les cas, on\nacc\u00e8de au param\u00e9trage par le menu du navigateur.<\/p>\n\n\n\n<p>Pour <strong>Internet Explorer<\/strong>\u2122 : S\u00e9lectionnez l\u2019onglet \u00ab Outils \u00bb du menu,\npuis \u00ab Options internet \u00bb ; cliquez sur l\u2019onglet Confidentialit\u00e9 et choisissez\nle niveau souhait\u00e9.<\/p>\n\n\n\n<p>Pour <strong>Firefox<\/strong>\u2122 : S\u00e9lectionnez l\u2019onglet \u00ab Outils \u00bb du menu, puis \u00ab\nOptions \u00bb ; cliquez sur l\u2019onglet Vie priv\u00e9e et s\u00e9lectionnez l\u2019option souhait\u00e9e.<\/p>\n\n\n\n<p>Pour <strong>Chrome<\/strong>\u2122 : ouvrez le \u00ab menu de configuration \u00bb, puis\ns\u00e9lectionnez \u00ab Param\u00e8tres \u00bb ; cliquez sur \u00ab Param\u00e8tres avanc\u00e9s \u00bb puis sur \u00ab\nParam\u00e8tres de contenu \u00bb et s\u00e9lectionnez l\u2019option souhait\u00e9e.<\/p>\n\n\n\n<p>Pour <strong>Safari<\/strong>\u2122 : S\u00e9lectionnez \u00ab Pr\u00e9f\u00e9rences \u00bb puis cliquez sur \u00ab\nS\u00e9curit\u00e9 \u00bb ; cliquez sur \u00ab Afficher les cookies\u00bb et s\u00e9lectionnez l\u2019option\nsouhait\u00e9e.<\/p>\n\n\n\n<p>Pour <strong>Opera<\/strong>\u2122 : S\u00e9lectionnez le menu \u00abOutils \u00bb, puis s\u00e9lectionnez \u00ab\nPr\u00e9f\u00e9rences \u00bb, s\u00e9lectionnez l\u2019onglet \u00ab Avanc\u00e9 \u00bb, puis dans la rubrique \u00ab\nCookies \u00bb cliquez sur \u00ab G\u00e9rer les cookies \u00bb et s\u00e9lectionnez l\u2019option souhait\u00e9e.<\/p>\n\n\n\n<h3 class=\"wp-block-heading\"><strong>S\u00e9curit\u00e9 de vos donn\u00e9es<\/strong><\/h3>\n\n\n\n<p>Nous nous engageons \u00e0 mettre en \u0153uvre\ntoutes les mesures techniques et organisationnelles appropri\u00e9es afin de\ngarantir un niveau de s\u00e9curit\u00e9 adapt\u00e9 au regard des risques d&rsquo;acc\u00e8s\naccidentels, non autoris\u00e9s ou ill\u00e9gaux, de divulgation, d&rsquo;alt\u00e9ration, de perte\nou encore de destruction des donn\u00e9es personnelles vous concernant. Dans\nl&rsquo;\u00e9ventualit\u00e9 o\u00f9 nous prendrions connaissance d&rsquo;un acc\u00e8s ill\u00e9gal aux donn\u00e9es\npersonnelles vous concernant stock\u00e9es sur nos serveurs ou ceux de nos\nprestataires, ou d&rsquo;un acc\u00e8s non autoris\u00e9 ayant pour cons\u00e9quence la r\u00e9alisation\ndes risques identifi\u00e9s ci-dessus, nous nous engageons \u00e0 :<\/p>\n\n\n\n<ul><li>Vous notifier l&rsquo;incident dans les plus brefs d\u00e9lais ;<\/li><li>Examiner les causes de l&rsquo;incident et vous en informer ;<\/li><li>Prendre les mesures n\u00e9cessaires dans la limite du raisonnable afin d&rsquo;amoindrir les effets n\u00e9gatifs et pr\u00e9judices pouvant r\u00e9sulter dudit incident<\/li><\/ul>\n\n\n\n<h3 class=\"wp-block-heading\"><strong>Limitation de la responsabilit\u00e9\ufeff<\/strong><\/h3>\n\n\n\n<p>En aucun cas les engagements d\u00e9finis au point ci-dessus relatifs \u00e0 la notification en cas de faille de s\u00e9curit\u00e9 ne peuvent \u00eatre assimil\u00e9s \u00e0 une quelconque reconnaissance de faute ou de responsabilit\u00e9 quant \u00e0 la survenance de l&rsquo;incident en question.<\/p>\n\n\n\n<h3 class=\"wp-block-heading\"><strong>Evolution de la politique de\nconfidentialit\u00e9<\/strong><\/h3>\n\n\n\n<p>Nous nous engageons \u00e0 vous informer\nen cas de modification substantielle de notre politique de confidentialit\u00e9, et\n\u00e0 ne pas baisser le niveau de confidentialit\u00e9 de vos donn\u00e9es de mani\u00e8re\nsubstantielle sans vous en informer et obtenir votre consentement.<\/p>\n","protected":false},"excerpt":{"rendered":"<p>Protection des donn\u00e9es \u00e0 caract\u00e8re personnel et cookies Lors de votre navigation sur notre site internet, vous \u00eates amen\u00e9s \u00e0<\/p>\n","protected":false},"author":2,"featured_media":0,"parent":0,"menu_order":0,"comment_status":"closed","ping_status":"closed","template":"","meta":{"footnotes":""},"acf":[],"rttpg_featured_image_url":null,"rttpg_author":{"display_name":"Le petit journal","author_link":"https:\/\/lepetitjournaldemapharmacie.fr\/index.php\/author\/petitgarage\/"},"rttpg_comment":0,"rttpg_category":null,"rttpg_excerpt":"Protection des donn\u00e9es \u00e0 caract\u00e8re personnel et cookies Lors de votre navigation sur notre site internet, vous \u00eates amen\u00e9s \u00e0","_links":{"self":[{"href":"https:\/\/lepetitjournaldemapharmacie.fr\/index.php\/wp-json\/wp\/v2\/pages\/1811"}],"collection":[{"href":"https:\/\/lepetitjournaldemapharmacie.fr\/index.php\/wp-json\/wp\/v2\/pages"}],"about":[{"href":"https:\/\/lepetitjournaldemapharmacie.fr\/index.php\/wp-json\/wp\/v2\/types\/page"}],"author":[{"embeddable":true,"href":"https:\/\/lepetitjournaldemapharmacie.fr\/index.php\/wp-json\/wp\/v2\/users\/2"}],"replies":[{"embeddable":true,"href":"https:\/\/lepetitjournaldemapharmacie.fr\/index.php\/wp-json\/wp\/v2\/comments?post=1811"}],"version-history":[{"count":4,"href":"https:\/\/lepetitjournaldemapharmacie.fr\/index.php\/wp-json\/wp\/v2\/pages\/1811\/revisions"}],"predecessor-version":[{"id":1858,"href":"https:\/\/lepetitjournaldemapharmacie.fr\/index.php\/wp-json\/wp\/v2\/pages\/1811\/revisions\/1858"}],"wp:attachment":[{"href":"https:\/\/lepetitjournaldemapharmacie.fr\/index.php\/wp-json\/wp\/v2\/media?parent=1811"}],"curies":[{"name":"wp","href":"https:\/\/api.w.org\/{rel}","templated":true}]}}